 is -161 + -6?
-167
In base 6, what is -13 - 14523?
-14540
In base 16, what is -2 - -11f?
11d
In base 10, what is 1 + 66?
67
In base 3, what is -12101 + 1022?
-11002
In base 5, what is 3 - 32212?
-32204
In base 16, what is 9 - -2?
b
In base 9, what is -54 - -1?
-53
In base 5, what is 34131 + 1?
34132
In base 5, what is -110 + -20?
-130
In base 3, what is 2201 + 120?
10021
In base 16, what is -4 + -11d8?
-11dc
In base 12, what is -13 - 2?
-15
In base 8, what is -56 + 12?
-44
In base 8, what is -4 - 517?
-523
In base 12, what is -2 - a?
-10
In base 3, what is -2 + 1000?
221
In base 13, what is 62 - -14?
76
In base 13, what is 4 + 13?
17
In base 16, what is 4 - 2a1?
-29d
In base 5, what is 0 - 33044?
-33044
In base 16, what is -c3 + 2?
-c1
In base 2, what is -10001100010110 - 11?
-10001100011001
In base 7, what is -2 + 653?
651
In base 14, what is 3 + 60?
63
In base 6, what is -410 + 3?
-403
In base 12, what is -9 + 30a?
301
In base 11, what is a + 2?
11
In base 13, what is -2 + 17?
15
In base 12, what is -296 - -3?
-293
In base 7, what is -21133 - -1?
-21132
In base 14, what is 2b - 2?
29
In base 14, what is -14 + -2b?
-41
In base 16, what is 1e2 + 3?
1e5
In base 8, what is 155 - -1?
156
In base 13, what is 363 - 1?
362
In base 11, what is -5 - 205?
-20a
In base 8, what is 271 + -6?
263
In base 11, what is 7 + -a?
-3
In base 2, what is 1110101110 + -10?
1110101100
In base 12, what is 0 - 1b?
-1b
In base 7, what is -131534 + 5?
-131526
In base 13, what is 3 + a?
10
In base 3, what is 10120201 - 22?
10120102
In base 16, what is 11 + -4?
d
In base 8, what is 3022 + 5?
3027
In base 9, what is 5 + 3084?
3100
In base 14, what is -4 - d5c?
-d62
In base 12, what is 126 + 0?
126
In base 5, what is -14044 - 2?
-14101
In base 14, what is 1833 - 5?
182c
In base 2, what is -1 - 1010100110?
-1010100111
In base 6, what is -30 + -420?
-450
In base 8, what is -2 - 244?
-246
In base 4, what is -1 - 10303?
-10310
In base 11, what is -103 - -96?
-18
In base 11, what is 227 - 4?
223
In base 8, what is 5 - -113?
120
In base 8, what is -3 + 142?
137
In base 15, what is -3 - 30?
-33
In base 5, what is 412 - 10?
402
In base 13, what is 6 + -ac?
-a6
In base 9, what is -2201 + 3?
-2187
In base 4, what is -133110 - -3?
-133101
In base 3, what is -100 + -2110?
-2210
In base 12, what is 40 - -5?
45
In base 4, what is -2230 - 13?
-2303
In base 14, what is 1 - -8?
9
In base 12, what is -11 - -22b?
21a
In base 11, what is -376 + -5?
-380
In base 16, what is 116 + -5?
111
In base 11, what is -9 + -7?
-15
In base 13, what is -5 - -126a?
1265
In base 12, what is -3a5 + 3?
-3a2
In base 12, what is 19 - b?
a
In base 7, what is 4 - 116?
-112
In base 4, what is 12 + 220?
232
In base 4, what is -11010111 + -10?
-11010121
In base 9, what is -8 - -284?
275
In base 11, what is -45 - -66?
21
In base 11, what is -124 - 1?
-125
In base 5, what is -3 - -201200?
201142
In base 15, what is 767 - 0?
767
In base 2, what is 11000000011 - -1?
11000000100
In base 13, what is -23a + -2?
-23c
In base 6, what is 12544 - 2?
12542
In base 9, what is -5 - -1515?
1510
In base 12, what is -35 - -8?
-29
In base 11, what is -45 - -28?
-18
In base 2, what is -11010010 - 1?
-11010011
In base 2, what is -10000010 - -111?
-1111011
In base 8, what is -13 + 13?
0
In base 2, what is 11 + 1010?
1101
In base 6, what is 2110 + 5?
2115
In base 6, what is -33204 + -4?
-33212
In base 9, what is 381 - 5?
375
In base 15, what is -81 + 1?
-80
In base 4, what is -222 - 11110?
-11332
In base 2, what is 0 - -100110010110?
100110010110
In base 16, what is 3 - -114?
117
In base 13, what is -77c - -4?
-778
In base 4, what is 3231 - -11?
3302
In base 12, what is -36 - -251?
217
In base 11, what is -30 + -7?
-37
In base 13, what is -72 + -12?
-84
In base 6, what is -3140 + -11?
-3151
In base 15, what is 2 - 85?
-83
In base 3, what is 21 - -1112000?
1112021
In base 4, what is -113 + -12?
-131
In base 7, what is 2 + -10?
-5
In base 2, what is -101111 - 11?
-110010
In base 6, what is 3 + -1344?
-1341
In base 11, what is -53 - -1?
-52
In base 4, what is 2232 - -30?
2322
In base 5, what is 4003 - -2?
4010
In base 4, what is 2011 - 3?
2002
In base 9, what is 57 + -4?
53
In base 16, what is -20c + 2?
-20a
In base 8, what is -431 + -4?
-435
In base 5, what is -3 - 13412?
-13420
In base 12, what is -3b6 - -14?
-3a2
In base 13, what is -2 + -b8?
-ba
In base 9, what is -2 + -202?
-204
In base 8, what is 70 - -5?
75
In base 5, what is 22 + -4?
13
In base 8, what is -2 + 10631?
10627
In base 5, what is -22 + -442?
-1014
In base 12, what is -16 + 2?
-14
In base 11, what is 6 - 10?
-5
In base 9, what is -31 - -5?
-25
In base 3, what is -1111112 - -11?
-1111101
In base 4, what is -13 - 1201?
-1220
In base 8, what is 0 + 175?
175
In base 2, what is -100 + 1011010?
1010110
In base 16, what is 2 - d4c?
-d4a
In base 7, what is 1165 - 3?
1162
In base 9, what is -1 - -277?
276
In base 5, what is -212 - -444?
232
In base 3, what is 2 + 1120220?
1120222
In base 10, what is 2 - -31?
33
In base 16, what is 0 + -21?
-21
In base 16, what is -2 - 1e?
-20
In base 16, what is 34 - 60?
-2c
In base 13, what is 627 + 2?
629
In base 16, what is -4 - 32?
-36
In base 16, what is 7a - -3?
7d
In base 9, what is -444 - 0?
-444
In base 14, what is -5 - -12b6?
12b1
In base 15, what is -2 + 2?
0
In base 3, what is 211 - 110210?
-102222
In base 8, what is 325 + 5?
332
In base 3, what is 1 + 1211?
1212
In base 6, what is -445 - 5?
-454
In base 3, what is -2001 + -1?
-2002
In base 12, what is -2a49 + 3?
-2a46
In base 3, what is 2112 - 12?
2100
In base 10, what is 24 - 89?
-65
In base 16, what is 8c4 + 5?
8c9
In base 9, what is -671 - 1?
-672
In base 14, what is -2 + 18d?
18b
In base 3, what is -111 - 12?
-200
In base 8, what is 135 - -3?
140
In base 15, what is 17b - -5?
181
In base 11, what is -1 - -23?
22
In base 11, what is 321 - 90?
241
In base 11, what is 119 - 4?
115
In base 13, what is 5 + 225?
22a
In base 12, what is -1 - -57?
56
In base 11, what is -a - -213?
204
In base 6, what is 132 - 20?
112
In base 15, what is -1bc - -3?
-1b9
In base 13, what is 14a26 - -5?
14a2b
In base 11, what is 3 - 4?
-1
In base 2, what is -1001010011 + -101010?
-1001111101
In base 2, what is -1010110 - 1010100?
-10101010
In base 11, what is -3 + 337?
334
In base 12, what is 5 + -174?
-16b
In base 15, what is -52e + -1?
-530
In base 3, what is 111110 + 111?
111221
In base 2, what is -100101 + -10100000?
-11000101
In base 15, what is 19e + d?
1ac
In base 5, what is -1341 - 2?
-1343
In base 10, what is -19 + 4?
-15
In base 11, what is 238 + -4?
234
In base 9, what is -3 - 248?
-252
In base 4, what is 3312 - 1?
3311
In base 14, what is -5 - 168?
-16d
In base 7, what is -2004 + -6?
-2013
In base 8, what is 2 - -335?
337
In base 12, what is -5 - -22b?
226
In base 9, what is -3 + -177?
-181
In base 16, what is d4 + -3?
d1
In base 13, what is 40ba - -3?
40c0
In base 9, what is 3 - -154?
157
In base 3, what is 10 - -22120?
22200
In base 14, what is 2 + -49?
-47
In base 14, what is -1d - a?
-29
In base 7, what is -12 + -6453?
-6465
In base 13, what is 2 + -3?
-1
In base 11, what is -17 + -1?
-18
In base 9, what is 0 + 248?
248
In base 14, what is 121 - 5?
11a
In base 6, what is 5 - -54?
103
In base 16, what is 1 + 9?
a
In base 5, what is 3322 - -3?
3330
In base 2, what is -11 + -10010110?
-10011001
In base 12, what is 13 - -2a?
41
In base 9, what is -6645 + 3?
-6642
In base 14, what is -a9 + 3?
-a6
In base 3, what is 0 + -200222?
-200222
In base 14, what is -5 + 30?
29
In base 9, what is 5 - -1338?
1344
In base 8, what is -2 - 21?
-23
In base 4, what is -13120 + -111?
-13231
In base 2, what is -1001 + 1?
-1000
In base 10, what is -347 + 15?
-332
In base 3, what is 102021 - -1?
102022
In base 10, what is 1017 - -5?
1022
In base 9, what is 523 + 0?
523
In base 8, what is 46 - -3?
51
In base 3, what is 201 - 120?
11
In base 15, what is 2 - -1a?
1c
In base 14, what is c4c + -2?
c4a
In base 14, what is -2 + -699?
-69b
In base 9, what is 786 + 2?
788
In base 4, what is -11 + -320?
-331
In base 14, what is -1 + -80?
-81
In base 15, what is -4 - c8?
-cc
In base 8, what is 7166 + -4?
7162
In base 14, what is 3 + -53?
-50
In base 3, what is -100022 + -1?
-100100
In base 14, what is -4 + 39?
35
In base 7, w